{"id":3573,"date":"2017-01-16T14:36:51","date_gmt":"2017-01-16T14:36:51","guid":{"rendered":"https:\/\/demo.qantumthemes.xyz\/onair2\/demo4\/blog-slideshow\/"},"modified":"2023-09-24T01:54:17","modified_gmt":"2023-09-24T01:54:17","slug":"blog-slideshow","status":"publish","type":"page","link":"https:\/\/radiolivre.click\/index.php\/blog-slideshow\/","title":{"rendered":"Blog com apresenta\u00e7\u00e3o de slides"},"content":{"rendered":"\t\t<div data-elementor-type=\"wp-page\" data-elementor-id=\"3573\" class=\"elementor elementor-3573\">\n\t\t\t\t\t\t<div class=\"elementor-inner\">\n\t\t\t\t<div class=\"elementor-section-wrap\">\n\t\t\t\t\t\t\t\t\t<section class=\"elementor-section elementor-top-section elementor-element elementor-element-629a5eb elementor-section-full_width elementor-section-height-default elementor-section-height-default\" data-id=\"629a5eb\" data-element_type=\"section\" data-settings=\"{&quot;background_background&quot;:&quot;classic&quot;}\">\n\t\t\t\t\t\t<div class=\"elementor-container elementor-column-gap-default\">\n\t\t\t\t\t\t\t<div class=\"elementor-row\">\n\t\t\t\t\t<div class=\"elementor-column elementor-col-100 elementor-top-column elementor-element elementor-element-ae31aca\" data-id=\"ae31aca\" data-element_type=\"column\">\n\t\t\t<div class=\"elementor-column-wrap\">\n\t\t\t\t\t\t\t<div class=\"elementor-widget-wrap\">\n\t\t\t\t\t\t\t\t<\/div>\n\t\t\t\t\t<\/div>\n\t\t<\/div>\n\t\t\t\t\t\t\t\t<\/div>\n\t\t\t\t\t<\/div>\n\t\t<\/section>\n\t\t\t\t\t\t\t\t\t<\/div>\n\t\t\t<\/div>\n\t\t\t\t\t<\/div>\n\t\t","protected":false},"excerpt":{"rendered":"<p>0 Blog Mali, N\u00edger e Burkina Faso assinam pacto de seguran\u00e7a no Sahel A junta militar do Mali, N\u00edger e Burkina Faso, assinaram, s\u00e1bado, um pacto de seguran\u00e7a na regi\u00e3o do Sahel, prometendo ajudar um ao outro em caso de qualquer rebeli\u00e3o ou agress\u00e3o externa. O L\u00edder da Junta militar do Mali, anunciou na sua [&hellip;]<\/p>\n","protected":false},"author":1,"featured_media":4727,"parent":0,"menu_order":0,"comment_status":"open","ping_status":"closed","template":"archive-grid.php","meta":{"footnotes":""},"_links":{"self":[{"href":"https:\/\/radiolivre.click\/index.php\/wp-json\/wp\/v2\/pages\/3573"}],"collection":[{"href":"https:\/\/radiolivre.click\/index.php\/wp-json\/wp\/v2\/pages"}],"about":[{"href":"https:\/\/radiolivre.click\/index.php\/wp-json\/wp\/v2\/types\/page"}],"author":[{"embeddable":true,"href":"https:\/\/radiolivre.click\/index.php\/wp-json\/wp\/v2\/users\/1"}],"replies":[{"embeddable":true,"href":"https:\/\/radiolivre.click\/index.php\/wp-json\/wp\/v2\/comments?post=3573"}],"version-history":[{"count":14,"href":"https:\/\/radiolivre.click\/index.php\/wp-json\/wp\/v2\/pages\/3573\/revisions"}],"predecessor-version":[{"id":4926,"href":"https:\/\/radiolivre.click\/index.php\/wp-json\/wp\/v2\/pages\/3573\/revisions\/4926"}],"wp:featuredmedia":[{"embeddable":true,"href":"https:\/\/radiolivre.click\/index.php\/wp-json\/wp\/v2\/media\/4727"}],"wp:attachment":[{"href":"https:\/\/radiolivre.click\/index.php\/wp-json\/wp\/v2\/media?parent=3573"}],"curies":[{"name":"wp","href":"https:\/\/api.w.org\/{rel}","templated":true}]}}